{"id":32,"date":"2024-03-27T16:20:17","date_gmt":"2024-03-27T15:20:17","guid":{"rendered":"https:\/\/www.kewene-rock.com\/?page_id=32"},"modified":"2024-03-29T23:06:36","modified_gmt":"2024-03-29T22:06:36","slug":"discographie","status":"publish","type":"page","link":"https:\/\/www.kewene-rock.com\/?page_id=32","title":{"rendered":"DISCOGRAPHIE"},"content":{"rendered":"\n<p class=\"has-text-align-center\">\u00a0Toute commande est \u00e0 effectuer via mail: <strong>fmkewene@gmail.com <\/strong><br><strong>ou sur:\u00a0<\/strong><a href=\"http:\/\/web.archive.org\/web\/20220930125453\/http:\/\/kewenerock.bandcamp.com\/\">http:\/\/kewenerock.bandcamp.com<\/a><br><\/p>\n\n\n\n<p class=\"has-text-align-center\"> <strong>&#8211; Album \u00ab\u00a0D\u2019Esp\u00e9rances en D\u00e9viances\u00a0\u00bb 2022 &#8211;<\/strong><\/p>\n\n\n<div class=\"wp-block-image\">\n<figure class=\"aligncenter size-full is-resized\"><img loading=\"lazy\" decoding=\"async\" width=\"864\" height=\"367\" src=\"https:\/\/www.kewene-rock.com\/wp-content\/uploads\/2024\/03\/album-2022-1.jpg\" alt=\"\" class=\"wp-image-319\" style=\"width:472px;height:auto\"\/><\/figure>\n<\/div>\n\n\n<p class=\"has-text-align-center\"><em>1- A bout de souffle<\/em><br><em>2- Fragments<\/em><br><em>3- Ma vie entre parenth\u00e8ses<\/em><br><em>4- La chair et le sang<\/em><br><em>5- A corps perdu<br>6- Le cerveau mis \u00e0 nu<br>7- Exp\u00e9riences<br>8- Les visages cicatrices<br>9- \u00c2mes d\u00e9nou\u00e9es<br>10- Harmonie<br>11- Ventre \u00e0 terre<br>12- D\u00e9livrance<br>13- Hautes fr\u00e9quences<br>14- R\u00e9trospection<\/em><br><br><a href=\"http:\/\/web.archive.org\/web\/20220930125453\/http:\/\/kewenerock.bandcamp.com\/\"><strong><br><\/strong><\/a><strong>&#8211; Album \u00ab\u00a0Corrosion R\u00e9versible\u00a0\u00bb 2017 &#8211;<\/strong><\/p>\n\n\n<div class=\"wp-block-image\">\n<figure class=\"aligncenter size-full is-resized\"><img loading=\"lazy\" decoding=\"async\" width=\"1431\" height=\"647\" src=\"https:\/\/www.kewene-rock.com\/wp-content\/uploads\/2024\/03\/6-Corrosion-Reversible.jpg\" alt=\"\" class=\"wp-image-324\" style=\"width:471px;height:auto\"\/><\/figure>\n<\/div>\n\n\n<p class=\"has-text-align-center\"><em>1- Sous les d\u00e9combres<\/em><br><em>2- A l\u2019apog\u00e9e de nos r\u00eaves<\/em><br><em>3- Existence rouill\u00e9e<\/em><br><em>4- Eclipse<\/em><br><em>5- Sur le fil du rasoir<br>6- La n\u00e9buleuse<br>7- Evasion<br>8- Doctrine<br>9- L\u2019h\u00f4tel\u00a0des alibis<br>10- Pays lointain<br>11- Effet miroir<br>12- Od\u00e9on ou Panth\u00e9on (Bonus Track)<\/em><br><\/p>\n\n\n\n<p class=\"has-text-align-center\">&#8211; <strong>EP \u00ab\u00a0Immersion\u00a0\u00bb 2015 &#8211;<\/strong><\/p>\n\n\n<div class=\"wp-block-image\">\n<figure class=\"aligncenter size-full is-resized\"><img loading=\"lazy\" decoding=\"async\" width=\"1450\" height=\"652\" src=\"https:\/\/www.kewene-rock.com\/wp-content\/uploads\/2024\/03\/Pochette-net.jpg\" alt=\"\" class=\"wp-image-320\" style=\"width:472px;height:auto\"\/><\/figure>\n<\/div>\n\n\n<p class=\"has-text-align-center\"><em>1- Refuge<\/em><br><em>2- L\u2019\u00e9lixir<\/em><br><em>3- Vague \u00e0 l\u2019\u00e2me<\/em><br><em>4- Ma dulcin\u00e9e<\/em><br><em>5- Effet miroir<\/em><br><em>6- Sans entraves<\/em><br><\/p>\n\n\n\n<p class=\"has-text-align-center\">&#8211; <strong>Single \u00ab\u00a0Mon ombre\u00a0\u00bb 2013<\/strong> &#8211;<\/p>\n\n\n<div class=\"wp-block-image\">\n<figure class=\"aligncenter size-full is-resized\"><img loading=\"lazy\" decoding=\"async\" width=\"923\" height=\"463\" src=\"https:\/\/www.kewene-rock.com\/wp-content\/uploads\/2024\/03\/0001.jpg\" alt=\"\" class=\"wp-image-326\" style=\"width:470px;height:auto\"\/><\/figure>\n<\/div>\n\n\n<p class=\"has-text-align-center\"><em>1- Mon ombre<br>2- Un monde perdu<br>3- Od\u00e9on ou Panth\u00e9on<\/em><br><br><br><strong>&#8211; Single \u00ab\u00a0Mon univers\u00a0\u00bb 2009 &#8211;<\/strong><\/p>\n\n\n<div class=\"wp-block-image\">\n<figure class=\"aligncenter is-resized\"><img loading=\"lazy\" decoding=\"async\" width=\"400\" height=\"201\" src=\"https:\/\/www.kewene-rock.com\/wp-content\/uploads\/2024\/03\/pochette-mon-univers-2009.jpg\" alt=\"\" class=\"wp-image-325\" style=\"width:472px;height:auto\"\/><\/figure>\n<\/div>\n\n\n<p class=\"has-text-align-center\"><em>1- A travers<br>2- On \u00e9tait<br>3- L\u2019au-del\u00e0<br>4- Bain de foule<br>5- Mon univers<\/em><br><\/p>\n\n\n\n<p class=\"has-text-align-center\">&#8211; <strong>Single \u00ab\u00a0L\u2019\u00e9ternel &amp;moi\u00a0\u00bb 2007<\/strong> &#8211;<\/p>\n\n\n<div class=\"wp-block-image\">\n<figure class=\"aligncenter\"><img loading=\"lazy\" decoding=\"async\" width=\"400\" height=\"201\" src=\"https:\/\/www.kewene-rock.com\/wp-content\/uploads\/2024\/03\/3-pochette-leternel-moi-2005.jpg\" alt=\"\" class=\"wp-image-323\"\/><\/figure>\n<\/div>\n\n\n<p class=\"has-text-align-center\"><em>1- A travers<br>2-Aujourd\u2019hui ou demain<br>3-Gw\u00ebnola<br>4-Lueur d\u2019espoir<br>5-A la m\u00e9moire du temps<br>6-L\u2019h\u00e9misph\u00e8re<br>7-L\u2019amour interdit (Live)<\/em><\/p>\n\n\n\n<p class=\"has-text-align-center\"><\/p>\n","protected":false},"excerpt":{"rendered":"<p>\u00a0Toute commande est \u00e0 effectuer via mail: fmkewene@gmail.com ou sur:\u00a0http:\/\/kewenerock.bandcamp.com &#8211; Album \u00ab\u00a0D\u2019Esp\u00e9rances en D\u00e9viances\u00a0\u00bb 2022 &#8211; 1- A bout de souffle2- Fragments3- Ma vie entre parenth\u00e8ses4- La chair et le sang5- A corps perdu6- Le cerveau mis \u00e0 nu7- Exp\u00e9riences8- Les visages cicatrices9- \u00c2mes d\u00e9nou\u00e9es10- Harmonie11- Ventre \u00e0 terre12- D\u00e9livrance13- Hautes fr\u00e9quences14- R\u00e9trospection &#8211; [&hellip;]<\/p>\n","protected":false},"author":1,"featured_media":0,"parent":0,"menu_order":0,"comment_status":"closed","ping_status":"closed","template":"","meta":{"footnotes":""},"class_list":["post-32","page","type-page","status-publish","hentry"],"_links":{"self":[{"href":"https:\/\/www.kewene-rock.com\/index.php?rest_route=\/wp\/v2\/pages\/32","targetHints":{"allow":["GET"]}}],"collection":[{"href":"https:\/\/www.kewene-rock.com\/index.php?rest_route=\/wp\/v2\/pages"}],"about":[{"href":"https:\/\/www.kewene-rock.com\/index.php?rest_route=\/wp\/v2\/types\/page"}],"author":[{"embeddable":true,"href":"https:\/\/www.kewene-rock.com\/index.php?rest_route=\/wp\/v2\/users\/1"}],"replies":[{"embeddable":true,"href":"https:\/\/www.kewene-rock.com\/index.php?rest_route=%2Fwp%2Fv2%2Fcomments&post=32"}],"version-history":[{"count":6,"href":"https:\/\/www.kewene-rock.com\/index.php?rest_route=\/wp\/v2\/pages\/32\/revisions"}],"predecessor-version":[{"id":330,"href":"https:\/\/www.kewene-rock.com\/index.php?rest_route=\/wp\/v2\/pages\/32\/revisions\/330"}],"wp:attachment":[{"href":"https:\/\/www.kewene-rock.com\/index.php?rest_route=%2Fwp%2Fv2%2Fmedia&parent=32"}],"curies":[{"name":"wp","href":"https:\/\/api.w.org\/{rel}","templated":true}]}}