{"id":65,"date":"2024-03-27T16:30:56","date_gmt":"2024-03-27T15:30:56","guid":{"rendered":"https:\/\/www.kewene-rock.com\/?page_id=65"},"modified":"2024-03-29T13:47:30","modified_gmt":"2024-03-29T12:47:30","slug":"collaboration","status":"publish","type":"page","link":"https:\/\/www.kewene-rock.com\/?page_id=65","title":{"rendered":"Collaboration"},"content":{"rendered":"<div class=\"wp-block-image\">\n<figure class=\"aligncenter size-full is-resized\"><img loading=\"lazy\" decoding=\"async\" width=\"700\" height=\"500\" src=\"https:\/\/www.kewene-rock.com\/wp-content\/uploads\/2024\/03\/KEWENE-1.jpg\" alt=\"\" class=\"wp-image-243\" style=\"width:304px;height:auto\"\/><\/figure>\n<\/div>\n\n\n<p class=\"has-text-align-center\">Voici quelques groupes qui ont partag\u00e9&nbsp; la sc\u00e8ne \u00e0 nos c\u00f4t\u00e9s au cours des soir\u00e9es concert dans les bars, les festivals&nbsp;et autres \u00e9v\u00e8nements artistiques\u2026<br>Des endroits diverses o\u00f9 l\u2019on croise ces zickos qui ont la m\u00eame passion que nous\u2026<\/p>\n\n\n\n<p class=\"has-text-align-center\">\u00ab&nbsp;Qui n\u00e9glige la musique ignore l\u2019approche du sublime&nbsp;\u00bb<\/p>\n\n\n\n<p class=\"has-text-align-center\"><em>Merzhin, Thomas Howard Memorial, Stokolm, Ptit lion, O&rsquo; Diod, Pure, Horst Du Noch, Maddyson Myarade, Larsenbox, Mezzcaleros, The black leaders,<br>Minist\u00e8re magouille,&nbsp;Alternine,&nbsp;Vertige, Genuine shift,<br><\/em><em>Purpulse, Jester smokebreak, Chouch\u2019n\u2019 Molotov\u2019,&nbsp;Les R\u00e9servoir Dogs,<br>Du plomb, Subsonic, Tintin (l\u2019autre), Tom poisson, Warm, <\/em><em>Job, Bagolo fo,<br>Les Quincailloux,&nbsp;Kawoo, Nolan\u2019s,&nbsp;<\/em><em>Lugo, Le ptit son, Vanou,&nbsp;100 Transitions, Calisto, <\/em><em>Les godilleurs, Les nains de jardin, Ann\u2019so M, Ti madras, Prise de bec,&nbsp; Celtin\u2019 paotr,&nbsp;<\/em><em>The phoney charlie\u2019s band,&nbsp;Les lascars, Rien dans les poches,\u2026<\/em><\/p>\n","protected":false},"excerpt":{"rendered":"<p>Voici quelques groupes qui ont partag\u00e9&nbsp; la sc\u00e8ne \u00e0 nos c\u00f4t\u00e9s au cours des soir\u00e9es concert dans les bars, les festivals&nbsp;et autres \u00e9v\u00e8nements artistiques\u2026Des endroits diverses o\u00f9 l\u2019on croise ces zickos qui ont la m\u00eame passion que nous\u2026 \u00ab&nbsp;Qui n\u00e9glige la musique ignore l\u2019approche du sublime&nbsp;\u00bb Merzhin, Thomas Howard Memorial, Stokolm, Ptit lion, O&rsquo; Diod, [&hellip;]<\/p>\n","protected":false},"author":1,"featured_media":0,"parent":0,"menu_order":0,"comment_status":"closed","ping_status":"closed","template":"","meta":{"footnotes":""},"class_list":["post-65","page","type-page","status-publish","hentry"],"_links":{"self":[{"href":"https:\/\/www.kewene-rock.com\/index.php?rest_route=\/wp\/v2\/pages\/65","targetHints":{"allow":["GET"]}}],"collection":[{"href":"https:\/\/www.kewene-rock.com\/index.php?rest_route=\/wp\/v2\/pages"}],"about":[{"href":"https:\/\/www.kewene-rock.com\/index.php?rest_route=\/wp\/v2\/types\/page"}],"author":[{"embeddable":true,"href":"https:\/\/www.kewene-rock.com\/index.php?rest_route=\/wp\/v2\/users\/1"}],"replies":[{"embeddable":true,"href":"https:\/\/www.kewene-rock.com\/index.php?rest_route=%2Fwp%2Fv2%2Fcomments&post=65"}],"version-history":[{"count":3,"href":"https:\/\/www.kewene-rock.com\/index.php?rest_route=\/wp\/v2\/pages\/65\/revisions"}],"predecessor-version":[{"id":244,"href":"https:\/\/www.kewene-rock.com\/index.php?rest_route=\/wp\/v2\/pages\/65\/revisions\/244"}],"wp:attachment":[{"href":"https:\/\/www.kewene-rock.com\/index.php?rest_route=%2Fwp%2Fv2%2Fmedia&parent=65"}],"curies":[{"name":"wp","href":"https:\/\/api.w.org\/{rel}","templated":true}]}}